-105*f, 2*f = 6. Is a composite?
False
Let m(q) = 4*q**2 - 42*q + 23. Let g be m(10). Suppose -5*f + 55642 = g*s + 7416, 4*f - 3*s = 38597. Is f a prime number?
False
Suppose 4*w - 13 = -3*t + 19, -9 = -w - t. Is (-12)/(-8)*10124/30*w a prime number?
True
Let y = -2957 + 6135. Let t = y + -1377. Is t a prime number?
True
Let v be ((-2)/8*-1)/(5/2980). Suppose -1241 = -q + r, 5*q - 6351 = 4*r - v. Let u = -387 + q. Is u a prime number?
False
Let o be (1 - -4)/(-5)*-1. Let a be (o + -4)*(2 - 3). Suppose 126 = 3*t - 2*t - x, -t - a*x + 130 = 0. Is t a composite number?
False
Let v(z) = -123*z - 135. Let t be v(11). Let j = t + 6671. Is j composite?
True
Suppose -5*q - v + 1821592 = 0, -13*q = -19*q - 5*v + 2185937. Is q a composite number?
True
Let l = 67 - 56. Let t(m) = -17*m - l - 5 - 4*m**2 + 11 + 21*m**2. Is t(14) composite?
False
Suppose 9*c = 2*z + 6*c + 3, -z + 5 = 5*c. Suppose 10*q - 9670 = -z*q. Is q a prime number?
True
Suppose 95 = 2*y + 3*p, 3*p - 31 = 3*y - 196. Let z = y + -47. Suppose -z*q + 22445 = -2*m, -4*q + 17928 = 6*m - 2*m. Is q prime?
False
Let c(v) = 5*v**3 - 45*v**2 - 10*v - 33. Is c(19) a composite number?
False
Suppose 2*a - 7*k = -3*k - 6, a + k = -9. Let b(z) = 14*z**2 - 2*z + 39. Is b(a) a prime number?
True
Suppose 372801 + 45349 = 50*i. Suppose i = s - 6996. Is s prime?
True
Let x(g) = -65*g**3 + g + 1. Let i be x(-1). Suppose 67*l = i*l + 874. Is l a prime number?
False
Suppose 7 = -9*o + 34. Suppose -5*y = o*k - 9988, 3*k = 3*y - 1210 + 11182. Is k a prime number?
False
Let g(w) = -5005*w - 20. Let f be g(-2). Suppose -5 = 8*t - 9*t, -f = -2*o - 4*t. Is o a composite number?
True
Suppose -o - c = -268, 3*o + 5*c - 1068 = -o. Let j = o + -403. Is (0 + j)/(-26 + 25) a composite number?
False
Let i = 1066 - 3106. Is (i + 2)*-3 + 5 - 0 composite?
True
Let z be -6 + 762 + 0/1 + -3. Suppose x = -2773 + z. Is (x/(-2) - 2) + -5 prime?
False
Is (-7*(-75)/(-210))/(10/24) + 166775 composite?
True
Let a(s) = 36*s**2 + 338*s + 2267. Is a(-93) a composite number?
True
Suppose -18098 = -5*a - 2*w, -2*a + 3621 = -a - w. Let d = -444 + a. Suppose c = 5*c - d. Is c composite?
True
Let c = -4572 + 21809. Is c a prime number?
False
Suppose -6*s - 9*s = -23340. Suppose 18*o + s = 22*o. Is o prime?
True
Let o = 13649 + 25686. Is o composite?
True
Let y(j) = j**3 + 8*j**2 + 13*j + 11. Let v be y(-5). Let k be ((-28)/v)/(4/(-6)). Suppose k*c = 4, -1130 = -l + c - 453. Is l prime?
False
Suppose -40 = -2*x + 70. Let r = 14342 - 14090. Let n = r + x. Is n a prime number?
True
Let v be ((-105)/45)/(2/6). Let a(t) = -43*t - 23. Is a(v) a composite number?
True
Let t = -9 - -24. Let f = t + -19. Let y(p) = -138*p - 11. Is y(f) prime?
True
Let u(z) = -4*z - 19. Let t be u(-7). Let b(q) = -t*q + 45 + q**2 - 14 - 14. Is b(11) a prime number?
False
Let b(h) = 25*h**3 + 48*h**2 - 105*h + 81. Is b(16) composite?
False
Let a = -4 - -44. Let m be a/(-12)*(-18)/15. Suppose 0 = -m*s - 0*p - p + 554, 286 = 2*s - 4*p. Is s a prime number?
True
Let t = -122549 + 172596. Is t composite?
False
Suppose 781 = 10*u - 69. Suppose u*i = 77*i + 14072. Is i prime?
True
Suppose -5*b - 2*f + 2071 - 689 = 0, b + 3*f = 266. Suppose -b*k + 282*k = 21004. Is k a prime number?
False
Let i be 11 + (-3 - (1 - -1)). Is ((-1398)/8)/(4*i/(-96)) composite?
True
Let l(c) = 193*c + 17239. Is l(0) composite?
False
Is (-2)/15 + (5781/(-246))/((-45)/229866) a composite number?
False
Suppose 2*j - 12 = 0, 2*j + 32084 = t - 60725. Is t a prime number?
True
Let x = -32941 - -103632. Is x composite?
True
Suppose 150*o - 10511316 = 42*o. Is o prime?
True
Let l be 6*-2*(-235)/(-10). Let q be 18/36 + l/(-4) + 0. Suppose b + 2*u - 33 = -u, 3*b + 2*u - q = 0. Is b a prime number?
False
Suppose -3*a - 4*o + 2*o + 494 = 0, -3*a - 5*o = -488. Let x = a - -651. Is x prime?
False
Suppose -79*u + 16065 = -62*u. Let z = u + 12836. Is z a composite number?
False
Suppose 3*f = 15, 38975 = 13*y - 11*y - f. Suppose -4*j = -6*j + y. Is j prime?
False
Suppose -j + 109 = 3*b + 32, 3*b - 12 = 0. Suppose j*v - 67*v + 6406 = 0. Is v composite?
False
Let q(a) = 58132*a + 2929. Is q(10) composite?
False
Let f(i) = i**2 - 12*i + 28. Let q be f(8). Let s(z) = -426*z - 47. Is s(q) composite?
False
Let o = -246 - -381. Let x(z) = -391*z + 1590. Let n be x(4). Let f = o + n. Is f composite?
True
Let w be ((-2 + 10)*(-2)/(-8))/1. Suppose 4*i + i + 2*u - 665 = 0, 3*i - 403 = -w*u. Let d = 202 - i. Is d a composite number?
False
Let t be (32/(-2))/((-36732)/(-36740) - 1). Is (-2)/10 + t/25 a prime number?
True
Let r = 9 - 7. Let q be ((-350)/(-7))/(r/59). Suppose -18*h - q = -23*h. Is h prime?
False
Let l(f) = f**3 - 3*f**2 + 5*f - 5. Let m be l(2). Let g be (4/4 - m) + 2. Let z(x) = 247*x**3 - 4*x**2 + 7*x - 5. Is z(g) prime?
False
Let s be (33/(-2))/((-8)/((-5888)/(-12))). Suppose 12*i - 1424 = s. Is i composite?
True
Is (-1112761)/(-5) - (-904)/1130 a composite number?
False
Suppose -3*f - 72 = -9*f. Let s = f - -19. Suppose 3*q + s = -2*l + 3*l, 68 = 2*l - 3*q. Is l prime?
True
Let t = 55 - 21. Let v = t + -30. Suppose 4*y - 5*i - 2509 = -0*y, -3*y = v*i - 1905. Is y a prime number?
True
Let r be (-1 + 103/2)*(-141 - 31371). Is (-10)/55 - (r/44 - 2) a composite number?
True
Let x be 2/14 + 1275/(-105). Let m(g) = -g**2 - 9*g + 38. Let r be m(x). Suppose -2*f = 2*v - 454, -r*f + 2*v + 224 + 214 = 0. Is f composite?
False
Suppose 4*l = -9*l. Suppose -5*b - c + 45020 = l, 5*b - 48712 = c - 3682. Is b prime?
False
Suppose -5*y + 316349 = -125188 + 3812. Is y prime?
False
Suppose -f - 5*l = -196652, 20*l = 17*l - 3. Is f prime?
True
Let d = -38445 - -165064. Is d a composite number?
True
Let i(u) = 6*u**3 - 36*u**2 + 148*u + 87. Is i(20) a composite number?
True
Let m(a) = -a**3 - 78*a**2 - 453*a + 325. Is m(-82) prime?
False
Let y(b) = -2037*b + 93. Let r(l) = 2037*l - 95. Let q(c) = -2*r(c) - 3*y(c). Is q(2) a prime number?
False
Is (-1)/((-151169814)/(-12093588) - 12 - 2/4) prime?
False
Let u(o) = -272131*o**3 - o**2 - 13*o - 12. Is u(-1) composite?
False
Suppose -212*x + 246*x - 380018 = 0. Is x prime?
True
Suppose 2*r - 4*w - 654872 - 756538 = 0, -5*r + 3528461 = -2*w. Is r prime?
True
Let x(g) = -2*g. Let q be x(2). Is 1/((q - -5) + (-35190)/35195) a prime number?
True
Suppose 10*f - 3*f - 486129 = 0. Is (f/6)/(-7)*32/(-16) a composite number?
False
Suppose 3*n + 0*n = -3*m + 1563, -m = -4*n - 496. Let u = -363 + m. Let r = 6 + u. Is r composite?
True
Is 365361 - ((-96)/56 + (-2)/7) a prime number?
False
Let d be -2*(-5)/1 - 6. Suppose 2*p - 2519 = -3*p + 3*s, d*p - 2017 = 3*s. Is p a composite number?
True
Suppose 0 = -4*s - 3*o + 7*o - 243888, -8 = 2*o. Is 1 - s/28 - (-10)/35 prime?
True
Suppose -6*x - 25*x - 337836 = -43*x. Is x prime?
False
Let g = 379950 - 268697. Is g composite?
False
Let t = -5 + 20. Let n(c) = -69*c + 208. Let f be n(0). Let b = f + t. Is b prime?
True
Let f(t) = -20*t**3 - 191*t**2 - 12*t + 2. Is f(-13) composite?
True
Let z(t) = -229*t**3 - 28*t**2 + 61*t - 17. Is z(-7) prime?
False
Let b be ((-6)/(-12))/(-1 - (-7)/6). Suppose -w - 42 = -5*w - 3*v, 0 = -b*w + 4*v + 19. Suppose w*z + 1577 - 13691 = 0. Is z a prime number?
False
Suppose 65 + 16 = -4*a - 5*z, 5*a - 2*z + 60 = 0. Is (-2782)/a + ((-40)/70)/(-2) a composite number?
False
Let k(j) = 1432*j**2 - 2*j - 16. Let r be k(-2). Suppose -b + 8321 = -0*b. Let n = b - r. Is n composite?
True
Let j = 122246 - -55485. Is j a prime number?
False
Let a be -3 - ((-3)/12 - 93/12). Suppose a*h = -4*s + 10487, -7*h + 11*h - 8400 = 2*s. Is h a composite number?
False
Is 2 - ((-19809)/(-4))/((-72)/288) composite?
True
Suppose -24*c = -20*c - 24. Is 2/c*((6 - 0) + 1233) a composite number?
True
Suppose 30358022 = 500*y - 109*y. Is y prime?
False
Let x = 18 - 30. Let v be 2*(126/12)/7 - 1. Is (-3526 - x)*v*1/(-4) prime?
False
Suppose -3*u + 11338 = -5489. Let o = 4692 + u. Is o prime?
True
Let i = -87474 + 173929. Is i prime?
False
Is 1/((-118558)/(-3)*2175/(-21488650) - -4) prime?
True
Is (-17578)/(-2) + 12 - -2 a composite number?
False
Suppose 3*o - x + 22 = 0, -3*o - 3*x + 55 = 61. Suppose d + d + 17 = -3*g, d - 2*g - 9 = 0. Is (2019/o)/(d*3/6) a composite number?
False
Let j(f) = f**2 + 8*f - 24. Suppose -3*x + 15 - 45 = 0. Let d be j(x)